{"id":2847,"date":"2025-08-01T13:44:37","date_gmt":"2025-08-01T16:44:37","guid":{"rendered":"https:\/\/minimundo.cl\/?product=juguete-sonajero-mordedor"},"modified":"2025-11-03T15:50:18","modified_gmt":"2025-11-03T18:50:18","slug":"juguete-sonajero-mordedor","status":"publish","type":"product","link":"https:\/\/minimundo.cl\/?product=juguete-sonajero-mordedor","title":{"rendered":"Juguete sonajero mordedor"},"content":{"rendered":"<p>Baby Teether Ball , Este pr\u00e1ctico juguete combina las funciones de sonajero y mordedor. Dise\u00f1ado para aliviar las enc\u00edas y entretener al beb\u00e9 con colores y sonidos estimulantes. Juguetes Sensoriales Para Beb\u00e9s Montessori 4 En 1 Pelota, Largo x Ancho x Altura 10 cm x 6 cm x 10 cm, Peso 100 g<\/p>\n","protected":false},"excerpt":{"rendered":"<p>Juguete sonajero mordedor<\/p>\n","protected":false},"featured_media":2736,"comment_status":"open","ping_status":"closed","template":"","meta":{"_monsterinsights_skip_tracking":false,"_monsterinsights_sitenote_active":false,"_monsterinsights_sitenote_note":"","_monsterinsights_sitenote_category":0},"product_brand":[],"product_cat":[42],"product_tag":[],"class_list":{"0":"post-2847","1":"product","2":"type-product","3":"status-publish","6":"product_cat-juegosdidacticos","8":"first","9":"instock","10":"shipping-taxable","11":"purchasable","12":"product-type-simple"},"_links":{"self":[{"href":"https:\/\/minimundo.cl\/index.php?rest_route=\/wp\/v2\/product\/2847","targetHints":{"allow":["GET"]}}],"collection":[{"href":"https:\/\/minimundo.cl\/index.php?rest_route=\/wp\/v2\/product"}],"about":[{"href":"https:\/\/minimundo.cl\/index.php?rest_route=\/wp\/v2\/types\/product"}],"replies":[{"embeddable":true,"href":"https:\/\/minimundo.cl\/index.php?rest_route=%2Fwp%2Fv2%2Fcomments&post=2847"}],"wp:featuredmedia":[{"embeddable":true,"href":"https:\/\/minimundo.cl\/index.php?rest_route=\/wp\/v2\/media\/2736"}],"wp:attachment":[{"href":"https:\/\/minimundo.cl\/index.php?rest_route=%2Fwp%2Fv2%2Fmedia&parent=2847"}],"wp:term":[{"taxonomy":"product_brand","embeddable":true,"href":"https:\/\/minimundo.cl\/index.php?rest_route=%2Fwp%2Fv2%2Fproduct_brand&post=2847"},{"taxonomy":"product_cat","embeddable":true,"href":"https:\/\/minimundo.cl\/index.php?rest_route=%2Fwp%2Fv2%2Fproduct_cat&post=2847"},{"taxonomy":"product_tag","embeddable":true,"href":"https:\/\/minimundo.cl\/index.php?rest_route=%2Fwp%2Fv2%2Fproduct_tag&post=2847"}],"curies":[{"name":"wp","href":"https:\/\/api.w.org\/{rel}","templated":true}]}}